digit of f(7)?
1
Let w = 24032 - 1930. What is the hundreds digit of w?
1
Let r = -506 + 1945. Let n = 379 - r. What is the tens digit of n/(-15) + 2/(-3)?
7
Let t(q) = 1483*q - 128. Let y be t(11). Suppose -12*z + y = 3*z. What is the thousands digit of z?
1
What is the units digit of 310*10/(-60)*-57?
5
Suppose -29*u - 8165 = -34*u. Let h = u + -576. What is the thousands digit of h?
1
Suppose 15155 = 2*a - d, 37*d + 25 = 42*d. What is the tens digit of a?
8
Suppose 3*k = 3*c - 20760, 0 = 27*c - 24*c + 2*k - 20735. Suppose 8*g = c - 251. What is the tens digit of g?
3
Let v(b) = 0 - b - 7 - 14 + 3. Suppose 81 + 7 = -4*o + x, 4*o = -2*x - 76. What is the units digit of v(o)?
3
Suppose k - 6 = 1. Let w(v) = -1 + 2*v**2 - 9*v + 2*v - 8 - 2*v. What is the tens digit of w(k)?
2
Let n(c) = 2*c**3 + 165*c**2 + 47*c - 453. What is the tens digit of n(-78)?
3
Let h = 1 - 1. Suppose 3*x - l - 24 = h, -7 = -x - l + 1. What is the tens digit of (2*2/x)/((-13)/(-624))?
2
Suppose 0 = 2*v - 1644 + 1640. Suppose -12*z + 8*z + v*r = -2882, 0 = -4*r + 20. What is the units digit of z?
3
Let j(r) = -7*r**2 + r - 1. Let p be j(1). Let y be 619/7 + (-11)/p + -2. Suppose -15*x = -13*x - y. What is the tens digit of x?
4
Suppose 0 = 364*a - 352*a - 129264. What is the units digit of a?
2
Let c be 2*(-46)/(-7) - (-80)/(-560). Let p(t) = -2*t + 14. Let j(d) = 3*d - 13. Let n(a) = 5*j(a) + 4*p(a). What is the units digit of n(c)?
2
Let h(u) = u**2 + 4*u - 5. Let a be h(0). Let c be 2/a + (-24854)/(-85). What is the units digit of -1*c/20*(-6 + 1)?
3
Let r(w) = -8*w**2 + w + 3. Let d be 8/20 - ((-36)/10 - -2). Let o be r(d). What is the units digit of 4 - 2 - (4 + o)?
5
Let a(y) = -131*y**3 + y**2 + 2*y + 1. Let f = -47 - -51. Suppose 0 = -4*g - 3*s - 1, -f*s + 5 = g + 2. What is the units digit of a(g)?
1
Let t(h) = 38*h - 3. Let o(w) = -77*w + 6. Let z(d) = -2*o(d) - 5*t(d). Let n be z(-3). Suppose -n = -14*b + 1. What is the units digit of b?
8
What is the thousands digit of 1056/(-704) + (-8895)/(-2)?
4
Let s = -410 + 373. Let t(h) = -h**2 - 52*h + 126. What is the units digit of t(s)?
1
Let o(y) = -y**3 + 3*y**2 + 9*y - 19. Let d be o(3). Suppose 6422 = d*r + 1374. What is the units digit of r?
1
Suppose -1228 = -f - 1615. Let v = 521 + f. What is the units digit of v?
4
Let a(f) be the second derivative of 7*f**4/12 - 3*f**3 - 136*f**2 - 18*f. What is the tens digit of a(-9)?
5
What is the hundreds digit of (-3)/2*(-1190430)/405?
4
Let v(h) = -24*h + 2. Let g be v(-3). Suppose -3*x + 5*u = -47, 5*x - 2*u - g = -21. Suppose -x*z = -4*z - 410. What is the tens digit of z?
8
Suppose -j = -3*a - a - 3786, -5*a + 7572 = 2*j. What is the units digit of j?
6
Let j = 41 - 37. Suppose 0 = -5*s - 4*u + 33, 5*u - 4 - 6 = 0. Suppose 5*v = s, v = j*i - 118 - 225. What is the units digit of i?
6
Let t be (-3)/9*(-8 + 2). Suppose 6*c = t*c - a + 523, 0 = 4*c - 5*a - 529. What is the units digit of c?
1
Let i be (4 - 65/15)*3. Let d be (162 - -8) + 4 + i. Let m = d - 108. What is the tens digit of m?
6
Let a(z) = -3*z - 3860*z**2 - 77 + 12*z + 3856*z**2 + 3*z**3. What is the tens digit of a(7)?
1
Let y(l) = 3*l - 3. Let h be y(3). Let t(f) = 38*f - 15. Let j(q) = -19*q + 8. Let z(i) = h*t(i) + 11*j(i). What is the tens digit of z(5)?
9
Let d be 4/(-6) - (-152)/57. What is the tens digit of (-1359)/(-12) + d/(-8)?
1
Let j(d) = 3*d**2 - 22*d - 6. Let l = -188 - -196. What is the tens digit of j(l)?
1
Let z(h) = 226*h - 58 + 1 - 193. What is the thousands digit of z(8)?
1
Let n be (-5 + -2)*40/(-140). Suppose 0 = 5*o + 2*m + n*m - 4573, 3*o - 2742 = -3*m. What is the units digit of o?
7
Let f = 22314 + -3300. What is the hundreds digit of f/33 - (-4)/(-22)?
5
Let q = -157 + 162. Suppose y - 630 = -3*d - 2*y, -d - q*y = -222. What is the hundreds digit of d?
2
Let c(v) be the first derivative of 20*v**3/3 + 3*v**2/2 + 11*v + 73. What is the tens digit of c(-5)?
9
Let p = 63860 + -21133. What is the thousands digit of p?
2
Let w be ((-1421)/28 - (-4 + 2))*-4. Suppose 3*j = -4*l + 3*l - 42, 4*l - 5*j = -202. Let u = l + w. What is the units digit of u?
7
What is the tens digit of 21/84 + 2271213/28 + 0?
1
Suppose -473736 = -85*m - 62761 + 151640. What is the tens digit of m?
1
What is the units digit of 4/(-28)*-3 - ((-648132)/28 + -7)?
5
Suppose 5*i = x + 10*i - 3283, -i - 3271 = -x. Suppose -10*t + 587 = -x. What is the units digit of t?
6
Let r = -49 - -51. Suppose j + 21 = o + r*o, -3*o = 5*j - 3. What is the units digit of (96/(-2))/(o/(-12))?
6
Let h be (-159 - (-3)/1) + (-2)/(-2). Let z = 250 - h. What is the units digit of z?
5
Suppose -30 = -2*i + 14. Let k(y) = -2*y**2 - 3*y**2 + 24*y + 17 - i + 4*y**2. What is the tens digit of k(7)?
1
Let h = -43 + 33. Let a(s) = -53*s - 100. What is the units digit of a(h)?
0
Let k = -219 - -209. What is the units digit of (-23)/115 + 8/k - -701?
0
Suppose 5*n - 125710 = -2*l, -4*l + 326761 = -n + 75319. What is the ten thousands digit of l?
6
Let k(o) be the second derivative of 11*o**3/3 + 681*o**2/2 - 2*o + 141. What is the units digit of k(0)?
1
Let m = -668 - 2026. Let o = m - -4594. What is the units digit of o?
0
Suppose -14 - 10 = -4*z. Let a be z/(-9) + (-2)/(-3). Suppose a = -3*p + 3*d + 318, -6*p + 3*p = 5*d - 342. What is the hundreds digit of p?
1
Suppose -t + 8*w = 5*w - 14, 0 = -5*t - 5*w - 30. What is the units digit of (2412/(-8))/(t*(-3)/(-4))?
2
Let h be 4 + -192 + 4 + (-2 - 1). Let c(d) = 8*d - 4. Let p be c(-6). Let m = p - h. What is the hundreds digit of m?
1
Let u = 41906 + -24130. What is the ten thousands digit of u?
1
Let z be ((-100)/24 - 2/(-12)) + 115. Suppose f + 3*u = -17, 0 = 3*f + 3*u - 6*u + z. What is the hundreds digit of f/4*(-3)/8*46?
1
Let v be (4 - 0) + 10 + -8. Let t(m) = v - 3*m + 1888*m**2 - 1887*m**2 + 2. What is the tens digit of t(-6)?
6
Suppose 62*a - 3883887 + 806855 = -30*a. What is the tens digit of a?
4
Let r be (7*(-28)/(-294))/((-1)/(-15)) + -7. Let t(f) = -f**2 - 7*f - 4. Let w be t(-6). Suppose w*z = 5*b - b - 204, -r*z = -12. What is the tens digit of b?
5
What is the tens digit of 1/(-8*(-13)/644488)?
9
Let g = 35678 + -19764. What is the thousands digit of g?
5
Let h(p) = 381*p + 196. What is the tens digit of h(20)?
1
Suppose 4*j - 3*q - 328756 = 0, 0 = -3*j + 152*q - 155*q + 246567. What is the tens digit of j?
8
Let q(u) = u**2 + 27*u + 2. Let h be q(-27). Suppose -3*o = -h*g - 2*g + 53, 10 = 2*g. What is the units digit of o/(30/(-27) + 1)?
9
Let z be 6/9*(-63)/(-12)*128. Suppose -3*t = -t - 2*l - 224, -l + z = 4*t. Suppose -3*n = -47 - t. What is the tens digit of n?
5
Suppose 1585*h - 7152 = 1584*h + 4*g, -3*h + 5*g + 21449 = 0. What is the units digit of h?
8
Suppose 5*v - 36612 = -2*i + 41302, -2*i + 5*v + 77914 = 0. What is the hundreds digit of i?
9
Suppose -7*v + 3*v - s + 121 = 0, -85 = -3*v + 5*s. Suppose 0 = -45*u + v*u + 1935. What is the units digit of u?
9
Let w = 735 + -654. Suppose 4*a = q + 38, 3*a + 127 = 5*q + 368. Let p = w - q. What is the hundreds digit of p?
1
What is the ten thousands digit of 1 + (563*-100)/(-5) + (3 - 4)?
1
Suppose 12*j - 10*j - 8 = 0. Suppose 0 = -2*p - p + j*p. Suppose 0 = 5*t - 25, p*f - 3*t - 132 = -3*f. What is the units digit of f?
9
Let n(z) = 6*z**2 - 7*z + 8. Let u(v) = -v**2. Let x(f) = -n(f) - 5*u(f). Let k be x(3). Suppose -k*y + 3*h = -347, 7 = -4*h - 13. What is the tens digit of y?
8
Suppose 5*a + 3*b + 175 = b, 0 = 4*a + 2*b + 138. Let k = 173 + a. Suppose -4*v = -2*y + k, -v = -2*y + 107 + 14. What is the tens digit of y?
5
Let b(d) = -1159*d + 4136. What is the thousands digit of b(-7)?
2
Suppose 281377 = 124*r - 383051 - 1176848. What is the hundreds digit of r?
8
Let a = -12719 + 25891. What is the tens digit of a?
7
Let k = 206 - 115. Let z = -118 - -282. Let i = z - k. What is the units digit of i?
3
Let m be (-3 + 4 - 1) + 0 + 5. Suppose 0 = 4*i - 3*b - 18, b + 26 = 3*i + m*b. What is the hundreds digit of (1600/48)/(2/i)?
1
Suppose -5*k + 30 = 5. Suppose 4*p = -v + p + 338, 0 = 2*v + k*p - 681. What is the hundreds digit of v?
3
Let u(x) = -x**2 + 24*x - 55. Let w be u(3). What is the units digit of (-2)/w - (-3373)/4?
3
Let p(s) = -s - 1. Let g be p(-9). Suppose c - g*c = -21. What is the units digit of 1